. What is the hundreds digit of r(z)?
1
Suppose 2*z = -9 - 1. Let x(u) = -11*u - 20. Let n be x(z). What is the units digit of 7/(n/10) - -36?
8
Let c(q) = 20 + 8 + 30*q**2 - 8 - 17*q - 29*q**2. Let b be c(16). What is the tens digit of 1*(166 - b/(-4))?
6
Suppose 7*h + 91 = -252. Let t = 19 + h. What is the tens digit of ((-82)/3)/(t/45)?
4
Let u(f) = f**2 - 7*f - 7. Let h(b) = 1. Let c(r) = -6*h(r) - u(r). Let g be c(8). What is the tens digit of (42/3)/(g/(-49))?
9
Let c be (-14)/70 + (-382)/(-10). Let t(s) = -2*s + 113. What is the units digit of t(c)?
7
Let r(t) = 2*t**2 + 8*t + 6. Let d be r(-6). What is the tens digit of 4488/d + 2/5?
5
Suppose 17*v - 35*v = -28369 - 213227. What is the hundreds digit of v?
4
Let f(d) = 2*d + 2. Let q be f(1). Let g be (-5)/10 - -50*7/q. Suppose 0 = t + 3*l - g, -383 = 4*t - 9*t - 2*l. What is the tens digit of t?
7
Suppose s + 5 + 6 = 0. Let l(m) = -2*m**2 - 24*m - 8. What is the tens digit of l(s)?
1
Let d be -10 + 9 + 2 - (3/(-3) + -42). Suppose 0*i + 2*i + 5*o - 62 = 0, -37 = -i - o. Suppose -279 = i*a - d*a. What is the tens digit of a?
9
Let m(o) = 9*o**3 - 4*o**2 + 26*o + 12. What is the thousands digit of m(10)?
8
Let a(h) = h**3 - 4*h**2 - 11*h - 3. Let i be a(6). Suppose i*y = -3*w - 539 + 2612, -2764 = -4*y - 3*w. What is the units digit of y?
1
Let y = -39 - -43. Let a = 1 + y. Suppose r + 140 = a*n - 4*r, 4*n = -2*r + 94. What is the tens digit of n?
2
Let p(g) = -g**3 + 4*g**2 + 6*g - 3. Let k be p(4). Let t = k + -18. Suppose 101 = t*u + 2*u + b, u + 2*b = 13. What is the tens digit of u?
2
What is the thousands digit of 137109/35 - 0 - (-3)/((-90)/12)?
3
Suppose 7 = 4*w - 21. What is the units digit of 3 + -1 + 158 - w?
3
Let p(u) = -17*u + 1034. What is the tens digit of p(-63)?
0
Let w(k) be the second derivative of -7*k + 1/2*k**3 + 25*k**2 + 0. What is the tens digit of w(21)?
1
Suppose -23*c = -24*c - 3*a + 862, -c + 4*a = -834. What is the hundreds digit of c?
8
Let t = -3504 - -28279. What is the thousands digit of t?
4
Let j(t) = -t**3 - 16*t**2 + t + 19. Let v be j(-16). Suppose 4*b + v*y + 492 + 185 = 0, 845 = -5*b - 4*y. Let a = -80 - b. What is the tens digit of a?
9
Let y be 2 + -1 + 0 + 41/41. Suppose -3*z = -2*t + y*z + 3405, -5*t = -2*z - 8502. What is the tens digit of t?
0
Suppose -17 = 4*j + 13*j. What is the tens digit of (7 - (0 + 8))*(j - 228)?
2
Suppose -4*i = -5*h - 8222, 0 = 8*i - 7*i + h - 2051. What is the units digit of i?
3
Suppose -4*l - 1768 = -4*i, -3*i - 2*l - 442 = -4*i. Suppose -1302 = -8*v + i. What is the units digit of v?
8
Suppose 1 = -4*i + p, -5*i + 2*p + p - 3 = 0. Suppose i = -5*c - 5*b + 1255, -4*b + 74 + 1178 = 5*c. What is the units digit of c?
8
Suppose l + v = 6*l - 64937, 4*l - 4*v = 51940. What is the hundreds digit of l?
9
Let y(r) = 8*r - 17. Let d be y(3). Let g = d + -649. What is the units digit of g*28/(-63) - (-2)/(-6)?
5
Suppose -22 = d + 5*o, -2*d - o = 2*d + 69. Let b = 155 + d. What is the units digit of b?
8
Let p(i) = -i**2 + 8*i - 16. Let q be p(5). What is the hundreds digit of 3/(3/q)*(13 - 587)?
5
What is the hundreds digit of (-6237)/(-297) + 21752 + 2?
7
Suppose -2*t - 17445 = -3*b, 4*b - 900*t + 905*t - 23191 = 0. What is the hundreds digit of b?
8
Let t be 10/(-3)*(-27)/5. Suppose 17*i - t*i = 146. Let n = i - -238. What is the tens digit of n?
9
What is the tens digit of (-3 - 1285374/(-78)) + ((-12)/(-26))/(-3)?
7
Let l(a) = -7*a - 2 - 8 - 4 + 12*a. Let s be l(-16). Let j = s + 197. What is the tens digit of j?
0
Suppose v = -4*m - 11586 + 31469, -2*v + 39721 = -m. What is the tens digit of v?
6
Suppose 0 = 5*r - 4*s - 11673, -8*r + 3*s + 7005 = -5*r. Suppose -3*g - g + 2342 = 2*y, 4*g - r = y. What is the hundreds digit of g?
5
Suppose 64*o + 71385 = 799643 + 491006. What is the thousands digit of o?
9
Let l(z) = 17*z**2 - 43*z**2 - 14*z + 12*z**2 + 20 + 15*z**2. What is the tens digit of l(18)?
9
Let g = 98 - 92. Suppose g*i + 0*i - 666 = 0. What is the tens digit of i?
1
Let o(n) = -63*n**3 + 86*n**2 - 35*n + 1. What is the ten thousands digit of o(-7)?
2
Let h(t) be the second derivative of -t**6/720 + 23*t**5/60 + 3*t**4/2 + 34*t. Let i(p) be the third derivative of h(p). What is the tens digit of i(-16)?
6
What is the thousands digit of (-56794)/(-3) - 18*5/270?
8
Let i(s) = 24*s**2 - 46*s - 428. What is the tens digit of i(-11)?
8
Let p be (-90)/(-63)*(-3 - -24). Let l = -25 + p. Suppose -1742 + 637 = -l*k. What is the units digit of k?
1
Let c(w) = -11*w**3 - 2*w**2 + 11*w + 6. Let s be c(-5). Let z = s + -878. What is the hundreds digit of z?
3
Suppose o - 76*g - 33033 = -73*g, -2*o = 2*g - 66026. What is the hundreds digit of o?
0
Suppose 58 = 3*t - 326. Let z = -86 + t. Let d = z + -40. What is the units digit of d?
2
Let t(y) = -y**3 - 5*y**2 + 10*y + 9. Let v be t(-7). Suppose 4*s + 11 = -v. What is the units digit of 75/1 + 13 + s?
6
Let i(m) = 11*m**2 - 1405 + 697 + 699 + 9*m. What is the units digit of i(-5)?
1
Let u(v) = 35*v**2 - 107*v + 2459. What is the tens digit of u(33)?
4
Let r = 15841 - -23647. What is the tens digit of r?
8
Suppose -25*x + 28*x = 12. Let f be (-16)/(-4) - x - -155. Let q = f + -153. What is the units digit of q?
2
Let v = 3385 - 2005. Let c = -941 + v. What is the tens digit of c?
3
Let a(q) = 2*q**2 + 24*q + 20. Let r be a(-12). Suppose r*s - 552 = 16*s. What is the tens digit of s?
3
Let u be (-63)/6*2/1. Let t be (-3)/(93/u + 4). Suppose b = t*b - 432. What is the units digit of b?
2
Let w(o) = 221*o**3 - 168*o**2 + 4*o - 2. What is the units digit of w(4)?
0
Let w(y) = y**3 + 19*y**2 - 3*y - 62. Let u be w(-19). What is the hundreds digit of (-30)/u + 548 + -6?
5
Suppose 801*z + 505135 = 6473251 + 2615400. What is the hundreds digit of z?
7
Let r(d) = -23*d**2 + 25*d + 496. Let z(f) = 13*f**2 - 13*f - 248. Let g(v) = 6*r(v) + 11*z(v). What is the tens digit of g(-13)?
0
Suppose -47*r = -4*r - 34658. What is the tens digit of r?
0
Suppose -18*y + 420 = -6*y. What is the tens digit of (-7)/(y/2) - (-284)/10?
2
Let o(z) = 108*z - 49. What is the thousands digit of o(15)?
1
Let y(g) = -427*g**2 + 7*g + 12. Let c be y(-4). Let b be (-4)/(-22) + (c/(-22))/4. Let s = b + -20. What is the units digit of s?
8
Suppose 4*u - 3*d - 38168 = 0, -6*d + 5*d + 8 = 0. What is the units digit of u?
8
Let i(p) = -p**2 - 11*p - 8. Let c = 44 - 57. Let a = c + 3. What is the units digit of i(a)?
2
Let o = 10 + -6. Suppose 3*k - 696 = -3*u, 4*u + 4*k = 7*u - 703. Suppose -o*b = -d + 181, -4*d + 477 = -2*b - u. What is the tens digit of d?
7
Let b = 23 - 21. Let c be (-2968)/(-24) - b/(-6). Suppose -t = 3*t - c. What is the tens digit of t?
3
Let f(z) = 67*z**2 - 2*z - 3. Suppose 2*t - 3 = -p - 0, -5*p = 5. Let u be f(t). Suppose 0 = 2*c - 209 - u. What is the units digit of c?
5
Let v = 51 + -20. Suppose v*h - 1078 = 24*h. What is the hundreds digit of h?
1
Let l = -66 - -79. Suppose l*j - 2208 = 5*j. What is the units digit of j?
6
Let r(q) be the second derivative of q**4/4 - 2*q**3/3 + q**2 - 6*q. Let s be r(2). What is the tens digit of (s/(-4))/((-9)/192)?
3
Let l = 568 + -273. What is the units digit of -3 + (4 - 11) + l?
5
What is the hundreds digit of 5 - (-155655)/18*24/30?
9
Let x(n) = 5*n + 13 - 29*n + 4 + 4 - 1. What is the tens digit of x(-30)?
4
Let w(f) = -f**3 + f**2 + 3*f + 4. Let t be w(0). Suppose -15 = y - t*y. What is the units digit of -34*(y/2 - 4)?
1
Suppose -5*y + 3*b + 12 + 14 = 0, -2*y + 10 = -b. Suppose 6489 = y*n + 1385. What is the hundreds digit of n?
2
Suppose 2*p - 2*t = 5398, 4*t + 0*t - 20 = 0. Suppose 0 = -5*d + d + p. What is the hundreds digit of d?
6
Suppose -5*t + 4*b + 21826 = 0, 4*t + 2277 = -3*b + 19713. What is the units digit of t?
2
Let n(q) be the third derivative of -q**4/24 + 14*q**3/3 - 11*q**2. Let j be n(15). Suppose -6*p + j = 4*k - p, -2*p = -k. What is the units digit of k?
2
Let o = -139 + 142. Suppose -275 = -o*i + 214. What is the tens digit of i?
6
Suppose 344 = -8*q + 3168. Suppose -q = w - 113. Let a = -141 - w. What is the units digit of a?
9
Let x = -14 - -26. Let o be 57*((-4)/6 - -4 - 3). Let f = x + o. What is the tens digit of f?
3
Let j(u) = u**2 - 154*u + 343. What is the hundreds digit of j(-51)?
7
Let i(j) = -136*j + 